{"id":1770,"date":"2020-02-24T14:32:31","date_gmt":"2020-02-24T13:32:31","guid":{"rendered":"https:\/\/cercle-nautique-du-touquet.org\/?page_id=1770"},"modified":"2020-02-24T14:33:37","modified_gmt":"2020-02-24T13:33:37","slug":"tech-de-nav-un-logiciel-pour-naviguer","status":"publish","type":"page","link":"https:\/\/cercle-nautique-du-touquet.org\/index.php\/tech-de-nav-un-logiciel-pour-naviguer\/","title":{"rendered":"Tech de nav : un logiciel pour naviguer."},"content":{"rendered":"\n<p>Le compas, la r\u00e8gle Cras, carte marine, une vision de la g\u00e9ographie en 3D pour descendre dans le carr\u00e9. Ensuit, tracer les relev\u00e9s sur la carte en d\u00e9calant le nord magn\u00e9tique, etc&#8230; oui c&rsquo;est important, mais maintenant, vous pouvez faire autrement. C&rsquo;est en lisant un article dans Voile magasine ( f\u00e9vrier 2020) que je me suis rendu compte que c\u2019\u00e9tait plus facile que je ne pouvais imaginer.<\/p>\n\n\n\n<p>J&rsquo;ai choisi le logiciel choisi par le magazine pour documenter la rubrique Tech-de-Nav de notre site.<\/p>\n\n\n\n<p>Boating HD a donc gagn\u00e9 la challenge de l&rsquo;article. Le concours \u00e9tait sur les logiciels ANDROID de votre t\u00e9l\u00e9phone, votre tablette et sut votre PC. La tablette, simple et plus grande que votre t\u00e9l\u00e9phone, permet une utilisation dans votre bateau. La consommation de la tablette, permettra un rechargement plus ais\u00e9. Gratuit les 15 premiers jours. <br>Ce logiciel existe \u00e9galement pour IOS. <\/p>\n\n\n\n<p>Certes, la frugalit\u00e9 de l&rsquo;ensemble  des achats n\u00e9cessaires au confort de la navigation peut  para\u00eetre d\u00e9cal\u00e9, mais l&rsquo;ensemble de la documentation permettant la meme chose serai \u00e9galement dispendieux et clairement plus compliqu\u00e9 \u00e0 mettre en oeuvre. &lsquo;ensemble de la documentation est \u00e0 jour pour un an. le tout \u00e9tant de choisir la r\u00e9gion dans laquelle vous allez naviguer.<\/p>\n\n\n\n<p> <\/p>\n\n\n\n<p><strong>Voici le raccourci du site : <\/strong><br><a href=\"https:\/\/www.navionics.com\/fra\/apps\/navionics-boating\">https:\/\/www.navionics.com\/fra\/apps\/navionics-boating<\/a>  <\/p>\n\n\n\n<p><\/p>\n\n\n\n<figure class=\"wp-block-image alignwide size-large\"><img loading=\"lazy\" decoding=\"async\" width=\"536\" height=\"404\" src=\"https:\/\/cercle-nautique-du-touquet.org\/wp-content\/uploads\/2020\/02\/Boating-HD-3.png\" alt=\"\" class=\"wp-image-1787\" srcset=\"https:\/\/cercle-nautique-du-touquet.org\/wp-content\/uploads\/2020\/02\/Boating-HD-3.png 536w, https:\/\/cercle-nautique-du-touquet.org\/wp-content\/uploads\/2020\/02\/Boating-HD-3-300x226.png 300w\" sizes=\"auto, (max-width: 536px) 100vw, 536px\" \/><\/figure>\n\n\n\n<figure class=\"wp-block-image alignwide size-large\"><img loading=\"lazy\" decoding=\"async\" width=\"544\" height=\"759\" src=\"https:\/\/cercle-nautique-du-touquet.org\/wp-content\/uploads\/2020\/02\/Boating-HD-2.png\" alt=\"\" class=\"wp-image-1786\" srcset=\"https:\/\/cercle-nautique-du-touquet.org\/wp-content\/uploads\/2020\/02\/Boating-HD-2.png 544w, https:\/\/cercle-nautique-du-touquet.org\/wp-content\/uploads\/2020\/02\/Boating-HD-2-215x300.png 215w\" sizes=\"auto, (max-width: 544px) 100vw, 544px\" \/><\/figure>\n\n\n\n<figure class=\"wp-block-image alignwide size-large\"><img loading=\"lazy\" decoding=\"async\" width=\"544\" height=\"763\" src=\"https:\/\/cercle-nautique-du-touquet.org\/wp-content\/uploads\/2020\/02\/Boating-HD-4.png\" alt=\"\" class=\"wp-image-1788\" srcset=\"https:\/\/cercle-nautique-du-touquet.org\/wp-content\/uploads\/2020\/02\/Boating-HD-4.png 544w, https:\/\/cercle-nautique-du-touquet.org\/wp-content\/uploads\/2020\/02\/Boating-HD-4-214x300.png 214w\" sizes=\"auto, (max-width: 544px) 100vw, 544px\" \/><\/figure>\n","protected":false},"excerpt":{"rendered":"<p>Le compas, la r\u00e8gle Cras, carte marine, une vision de la g\u00e9ographie en 3D pour descendre dans le carr\u00e9. Ensuit, tracer les relev\u00e9s sur la carte en d\u00e9calant le nord magn\u00e9tique, etc&#8230; oui c&rsquo;est important, mais maintenant, vous pouvez faire autrement.<\/p>\n","protected":false},"author":1,"featured_media":1784,"parent":0,"menu_order":0,"comment_status":"closed","ping_status":"closed","template":"","meta":{"_mc_calendar":[],"footnotes":""},"class_list":["post-1770","page","type-page","status-publish","has-post-thumbnail","czr-hentry"],"yoast_head":"<!-- This site is optimized with the Yoast SEO plugin v27.4 - https:\/\/yoast.com\/product\/yoast-seo-wordpress\/ -->\n<title>Tech de nav : un logiciel pour naviguer. - Cercle Nautique du Touquet<\/title>\n<meta name=\"robots\" content=\"index, follow, max-snippet:-1, max-image-preview:large, max-video-preview:-1\" \/>\n<link rel=\"canonical\" href=\"https:\/\/cercle-nautique-du-touquet.org\/index.php\/tech-de-nav-un-logiciel-pour-naviguer\/\" \/>\n<meta property=\"og:locale\" content=\"fr_FR\" \/>\n<meta property=\"og:type\" content=\"article\" \/>\n<meta property=\"og:title\" content=\"Tech de nav : un logiciel pour naviguer. - Cercle Nautique du Touquet\" \/>\n<meta property=\"og:description\" content=\"Le compas, la r\u00e8gle Cras, carte marine, une vision de la g\u00e9ographie en 3D pour descendre dans le carr\u00e9. Ensuit, tracer les relev\u00e9s sur la carte en d\u00e9calant le nord magn\u00e9tique, etc... oui c&#039;est important, mais maintenant, vous pouvez faire autrement.\" \/>\n<meta property=\"og:url\" content=\"https:\/\/cercle-nautique-du-touquet.org\/index.php\/tech-de-nav-un-logiciel-pour-naviguer\/\" \/>\n<meta property=\"og:site_name\" content=\"Cercle Nautique du Touquet\" \/>\n<meta property=\"article:publisher\" content=\"https:\/\/www.facebook.com\/groups\/161569984440804\/\" \/>\n<meta property=\"article:modified_time\" content=\"2020-02-24T13:33:37+00:00\" \/>\n<meta property=\"og:image\" content=\"https:\/\/cercle-nautique-du-touquet.org\/wp-content\/uploads\/2020\/02\/Boating-HD.png\" \/>\n\t<meta property=\"og:image:width\" content=\"577\" \/>\n\t<meta property=\"og:image:height\" content=\"368\" \/>\n\t<meta property=\"og:image:type\" content=\"image\/png\" \/>\n<meta name=\"twitter:card\" content=\"summary_large_image\" \/>\n<meta name=\"twitter:site\" content=\"@TouquetCn\" \/>\n<meta name=\"twitter:label1\" content=\"Dur\u00e9e de lecture estim\u00e9e\" \/>\n\t<meta name=\"twitter:data1\" content=\"1 minute\" \/>\n<script type=\"application\/ld+json\" class=\"yoast-schema-graph\">{\"@context\":\"https:\\\/\\\/schema.org\",\"@graph\":[{\"@type\":\"WebPage\",\"@id\":\"https:\\\/\\\/cercle-nautique-du-touquet.org\\\/index.php\\\/tech-de-nav-un-logiciel-pour-naviguer\\\/\",\"url\":\"https:\\\/\\\/cercle-nautique-du-touquet.org\\\/index.php\\\/tech-de-nav-un-logiciel-pour-naviguer\\\/\",\"name\":\"Tech de nav : un logiciel pour naviguer. - Cercle Nautique du Touquet\",\"isPartOf\":{\"@id\":\"https:\\\/\\\/cercle-nautique-du-touquet.org\\\/#website\"},\"primaryImageOfPage\":{\"@id\":\"https:\\\/\\\/cercle-nautique-du-touquet.org\\\/index.php\\\/tech-de-nav-un-logiciel-pour-naviguer\\\/#primaryimage\"},\"image\":{\"@id\":\"https:\\\/\\\/cercle-nautique-du-touquet.org\\\/index.php\\\/tech-de-nav-un-logiciel-pour-naviguer\\\/#primaryimage\"},\"thumbnailUrl\":\"https:\\\/\\\/cercle-nautique-du-touquet.org\\\/wp-content\\\/uploads\\\/2020\\\/02\\\/Boating-HD.png\",\"datePublished\":\"2020-02-24T13:32:31+00:00\",\"dateModified\":\"2020-02-24T13:33:37+00:00\",\"breadcrumb\":{\"@id\":\"https:\\\/\\\/cercle-nautique-du-touquet.org\\\/index.php\\\/tech-de-nav-un-logiciel-pour-naviguer\\\/#breadcrumb\"},\"inLanguage\":\"fr-FR\",\"potentialAction\":[{\"@type\":\"ReadAction\",\"target\":[\"https:\\\/\\\/cercle-nautique-du-touquet.org\\\/index.php\\\/tech-de-nav-un-logiciel-pour-naviguer\\\/\"]}]},{\"@type\":\"ImageObject\",\"inLanguage\":\"fr-FR\",\"@id\":\"https:\\\/\\\/cercle-nautique-du-touquet.org\\\/index.php\\\/tech-de-nav-un-logiciel-pour-naviguer\\\/#primaryimage\",\"url\":\"https:\\\/\\\/cercle-nautique-du-touquet.org\\\/wp-content\\\/uploads\\\/2020\\\/02\\\/Boating-HD.png\",\"contentUrl\":\"https:\\\/\\\/cercle-nautique-du-touquet.org\\\/wp-content\\\/uploads\\\/2020\\\/02\\\/Boating-HD.png\",\"width\":577,\"height\":368},{\"@type\":\"BreadcrumbList\",\"@id\":\"https:\\\/\\\/cercle-nautique-du-touquet.org\\\/index.php\\\/tech-de-nav-un-logiciel-pour-naviguer\\\/#breadcrumb\",\"itemListElement\":[{\"@type\":\"ListItem\",\"position\":1,\"name\":\"Accueil\",\"item\":\"https:\\\/\\\/cercle-nautique-du-touquet.org\\\/\"},{\"@type\":\"ListItem\",\"position\":2,\"name\":\"Tech de nav : un logiciel pour naviguer.\"}]},{\"@type\":\"WebSite\",\"@id\":\"https:\\\/\\\/cercle-nautique-du-touquet.org\\\/#website\",\"url\":\"https:\\\/\\\/cercle-nautique-du-touquet.org\\\/\",\"name\":\"Cercle Nautique du Touquet\",\"description\":\"CNT - LE TOUQUET - @ mail : cnt@cercle-nautique-du-touquet.org\",\"publisher\":{\"@id\":\"https:\\\/\\\/cercle-nautique-du-touquet.org\\\/#organization\"},\"potentialAction\":[{\"@type\":\"SearchAction\",\"target\":{\"@type\":\"EntryPoint\",\"urlTemplate\":\"https:\\\/\\\/cercle-nautique-du-touquet.org\\\/?s={search_term_string}\"},\"query-input\":{\"@type\":\"PropertyValueSpecification\",\"valueRequired\":true,\"valueName\":\"search_term_string\"}}],\"inLanguage\":\"fr-FR\"},{\"@type\":\"Organization\",\"@id\":\"https:\\\/\\\/cercle-nautique-du-touquet.org\\\/#organization\",\"name\":\"cercle Nautique du touquet\",\"url\":\"https:\\\/\\\/cercle-nautique-du-touquet.org\\\/\",\"logo\":{\"@type\":\"ImageObject\",\"inLanguage\":\"fr-FR\",\"@id\":\"https:\\\/\\\/cercle-nautique-du-touquet.org\\\/#\\\/schema\\\/logo\\\/image\\\/\",\"url\":\"https:\\\/\\\/cercle-nautique-du-touquet.org\\\/wp-content\\\/uploads\\\/2019\\\/09\\\/WzLRsU-e1579203957195.png\",\"contentUrl\":\"https:\\\/\\\/cercle-nautique-du-touquet.org\\\/wp-content\\\/uploads\\\/2019\\\/09\\\/WzLRsU-e1579203957195.png\",\"width\":112,\"height\":113,\"caption\":\"cercle Nautique du touquet\"},\"image\":{\"@id\":\"https:\\\/\\\/cercle-nautique-du-touquet.org\\\/#\\\/schema\\\/logo\\\/image\\\/\"},\"sameAs\":[\"https:\\\/\\\/www.facebook.com\\\/groups\\\/161569984440804\\\/\",\"https:\\\/\\\/x.com\\\/TouquetCn\"]}]}<\/script>\n<!-- \/ Yoast SEO plugin. -->","yoast_head_json":{"title":"Tech de nav : un logiciel pour naviguer. - Cercle Nautique du Touquet","robots":{"index":"index","follow":"follow","max-snippet":"max-snippet:-1","max-image-preview":"max-image-preview:large","max-video-preview":"max-video-preview:-1"},"canonical":"https:\/\/cercle-nautique-du-touquet.org\/index.php\/tech-de-nav-un-logiciel-pour-naviguer\/","og_locale":"fr_FR","og_type":"article","og_title":"Tech de nav : un logiciel pour naviguer. - Cercle Nautique du Touquet","og_description":"Le compas, la r\u00e8gle Cras, carte marine, une vision de la g\u00e9ographie en 3D pour descendre dans le carr\u00e9. Ensuit, tracer les relev\u00e9s sur la carte en d\u00e9calant le nord magn\u00e9tique, etc... oui c'est important, mais maintenant, vous pouvez faire autrement.","og_url":"https:\/\/cercle-nautique-du-touquet.org\/index.php\/tech-de-nav-un-logiciel-pour-naviguer\/","og_site_name":"Cercle Nautique du Touquet","article_publisher":"https:\/\/www.facebook.com\/groups\/161569984440804\/","article_modified_time":"2020-02-24T13:33:37+00:00","og_image":[{"width":577,"height":368,"url":"https:\/\/cercle-nautique-du-touquet.org\/wp-content\/uploads\/2020\/02\/Boating-HD.png","type":"image\/png"}],"twitter_card":"summary_large_image","twitter_site":"@TouquetCn","twitter_misc":{"Dur\u00e9e de lecture estim\u00e9e":"1 minute"},"schema":{"@context":"https:\/\/schema.org","@graph":[{"@type":"WebPage","@id":"https:\/\/cercle-nautique-du-touquet.org\/index.php\/tech-de-nav-un-logiciel-pour-naviguer\/","url":"https:\/\/cercle-nautique-du-touquet.org\/index.php\/tech-de-nav-un-logiciel-pour-naviguer\/","name":"Tech de nav : un logiciel pour naviguer. - Cercle Nautique du Touquet","isPartOf":{"@id":"https:\/\/cercle-nautique-du-touquet.org\/#website"},"primaryImageOfPage":{"@id":"https:\/\/cercle-nautique-du-touquet.org\/index.php\/tech-de-nav-un-logiciel-pour-naviguer\/#primaryimage"},"image":{"@id":"https:\/\/cercle-nautique-du-touquet.org\/index.php\/tech-de-nav-un-logiciel-pour-naviguer\/#primaryimage"},"thumbnailUrl":"https:\/\/cercle-nautique-du-touquet.org\/wp-content\/uploads\/2020\/02\/Boating-HD.png","datePublished":"2020-02-24T13:32:31+00:00","dateModified":"2020-02-24T13:33:37+00:00","breadcrumb":{"@id":"https:\/\/cercle-nautique-du-touquet.org\/index.php\/tech-de-nav-un-logiciel-pour-naviguer\/#breadcrumb"},"inLanguage":"fr-FR","potentialAction":[{"@type":"ReadAction","target":["https:\/\/cercle-nautique-du-touquet.org\/index.php\/tech-de-nav-un-logiciel-pour-naviguer\/"]}]},{"@type":"ImageObject","inLanguage":"fr-FR","@id":"https:\/\/cercle-nautique-du-touquet.org\/index.php\/tech-de-nav-un-logiciel-pour-naviguer\/#primaryimage","url":"https:\/\/cercle-nautique-du-touquet.org\/wp-content\/uploads\/2020\/02\/Boating-HD.png","contentUrl":"https:\/\/cercle-nautique-du-touquet.org\/wp-content\/uploads\/2020\/02\/Boating-HD.png","width":577,"height":368},{"@type":"BreadcrumbList","@id":"https:\/\/cercle-nautique-du-touquet.org\/index.php\/tech-de-nav-un-logiciel-pour-naviguer\/#breadcrumb","itemListElement":[{"@type":"ListItem","position":1,"name":"Accueil","item":"https:\/\/cercle-nautique-du-touquet.org\/"},{"@type":"ListItem","position":2,"name":"Tech de nav : un logiciel pour naviguer."}]},{"@type":"WebSite","@id":"https:\/\/cercle-nautique-du-touquet.org\/#website","url":"https:\/\/cercle-nautique-du-touquet.org\/","name":"Cercle Nautique du Touquet","description":"CNT - LE TOUQUET - @ mail : cnt@cercle-nautique-du-touquet.org","publisher":{"@id":"https:\/\/cercle-nautique-du-touquet.org\/#organization"},"potentialAction":[{"@type":"SearchAction","target":{"@type":"EntryPoint","urlTemplate":"https:\/\/cercle-nautique-du-touquet.org\/?s={search_term_string}"},"query-input":{"@type":"PropertyValueSpecification","valueRequired":true,"valueName":"search_term_string"}}],"inLanguage":"fr-FR"},{"@type":"Organization","@id":"https:\/\/cercle-nautique-du-touquet.org\/#organization","name":"cercle Nautique du touquet","url":"https:\/\/cercle-nautique-du-touquet.org\/","logo":{"@type":"ImageObject","inLanguage":"fr-FR","@id":"https:\/\/cercle-nautique-du-touquet.org\/#\/schema\/logo\/image\/","url":"https:\/\/cercle-nautique-du-touquet.org\/wp-content\/uploads\/2019\/09\/WzLRsU-e1579203957195.png","contentUrl":"https:\/\/cercle-nautique-du-touquet.org\/wp-content\/uploads\/2019\/09\/WzLRsU-e1579203957195.png","width":112,"height":113,"caption":"cercle Nautique du touquet"},"image":{"@id":"https:\/\/cercle-nautique-du-touquet.org\/#\/schema\/logo\/image\/"},"sameAs":["https:\/\/www.facebook.com\/groups\/161569984440804\/","https:\/\/x.com\/TouquetCn"]}]}},"_links":{"self":[{"href":"https:\/\/cercle-nautique-du-touquet.org\/index.php\/wp-json\/wp\/v2\/pages\/1770","targetHints":{"allow":["GET"]}}],"collection":[{"href":"https:\/\/cercle-nautique-du-touquet.org\/index.php\/wp-json\/wp\/v2\/pages"}],"about":[{"href":"https:\/\/cercle-nautique-du-touquet.org\/index.php\/wp-json\/wp\/v2\/types\/page"}],"author":[{"embeddable":true,"href":"https:\/\/cercle-nautique-du-touquet.org\/index.php\/wp-json\/wp\/v2\/users\/1"}],"replies":[{"embeddable":true,"href":"https:\/\/cercle-nautique-du-touquet.org\/index.php\/wp-json\/wp\/v2\/comments?post=1770"}],"version-history":[{"count":0,"href":"https:\/\/cercle-nautique-du-touquet.org\/index.php\/wp-json\/wp\/v2\/pages\/1770\/revisions"}],"wp:featuredmedia":[{"embeddable":true,"href":"https:\/\/cercle-nautique-du-touquet.org\/index.php\/wp-json\/wp\/v2\/media\/1784"}],"wp:attachment":[{"href":"https:\/\/cercle-nautique-du-touquet.org\/index.php\/wp-json\/wp\/v2\/media?parent=1770"}],"curies":[{"name":"wp","href":"https:\/\/api.w.org\/{rel}","templated":true}]}}